{"id":331,"date":"2023-08-28T07:42:13","date_gmt":"2023-08-28T05:42:13","guid":{"rendered":"https:\/\/www.donalba.com\/OrquestaMedia2023Donalba\/?page_id=331"},"modified":"2023-09-19T15:58:36","modified_gmt":"2023-09-19T13:58:36","slug":"soluciones-graficas-certificables","status":"publish","type":"page","link":"https:\/\/www.donalba.com\/OrquestaMedia2023Donalba\/soluciones-graficas-certificables\/","title":{"rendered":"Soluciones gr\u00e1ficas certificables"},"content":{"rendered":"<p>[et_pb_section fb_built=\u00bb1&#8243; _builder_version=\u00bb4.22.0&#8243; _module_preset=\u00bbdefault\u00bb custom_margin=\u00bb0px||0px||false|false\u00bb custom_padding=\u00bb0px||0px||false|false\u00bb global_colors_info=\u00bb{}\u00bb][et_pb_row module_class=\u00bbcabecera-productos\u00bb _builder_version=\u00bb4.22.0&#8243; _module_preset=\u00bbdefault\u00bb background_color=\u00bbgcid-836011e9-5230-4bed-8a9c-e9ef39c201e9&#8243; width=\u00bb100%\u00bb max_width=\u00bb2200px\u00bb global_colors_info=\u00bb{%22gcid-836011e9-5230-4bed-8a9c-e9ef39c201e9%22:%91%22background_color%22%93}\u00bb][et_pb_column type=\u00bb4_4&#8243; _builder_version=\u00bb4.22.0&#8243; _module_preset=\u00bbdefault\u00bb global_colors_info=\u00bb{}\u00bb][et_pb_text _builder_version=\u00bb4.22.0&#8243; _module_preset=\u00bbdefault\u00bb custom_margin=\u00bb||0px||false|false\u00bb custom_padding=\u00bb||0px||false|false\u00bb global_colors_info=\u00bb{}\u00bb]<\/p>\n<h1 style=\"text-align: center;\">SOLUCIONES GR\u00c1FICAS CERTIFICABLES<\/h1>\n<p>[\/et_pb_text][\/et_pb_column][\/et_pb_row][\/et_pb_section][et_pb_section fb_built=\u00bb1&#8243; _builder_version=\u00bb4.22.0&#8243; _module_preset=\u00bbdefault\u00bb custom_padding=\u00bb||45px|||\u00bb global_colors_info=\u00bb{}\u00bb][et_pb_row _builder_version=\u00bb4.22.0&#8243; _module_preset=\u00bbdefault\u00bb width=\u00bb100%\u00bb max_width=\u00bb1350px\u00bb global_colors_info=\u00bb{}\u00bb][et_pb_column type=\u00bb4_4&#8243; _builder_version=\u00bb4.22.0&#8243; _module_preset=\u00bbdefault\u00bb global_colors_info=\u00bb{}\u00bb][et_pb_text module_class=\u00bbtexto-tipo\u00bb _builder_version=\u00bb4.22.0&#8243; _module_preset=\u00bbdefault\u00bb animation_style=\u00bbslide\u00bb global_colors_info=\u00bb{}\u00bb]<\/p>\n<h2 style=\"text-align: center;\"><strong>CoreAVI y la base de todas nuestras soluciones gr\u00e1ficas modernas<\/strong><\/h2>\n<p style=\"text-align: center;\"><span data-contrast=\"auto\" class=\"TextRun SCXW6348696 BCX0\"><span class=\"NormalTextRun SCXW6348696 BCX0\">CoreAVI tiene una s\u00f3lida trayectoria en el suministro de soluciones gr\u00e1ficas integradas cr\u00edticas para la seguridad de \u00faltima generaci\u00f3n. Nuestro controlador de <\/span><\/span><span data-contrast=\"auto\" xml:lang=\"ES-ES\" lang=\"ES-ES\" class=\"TextRun SCXW6348696 BCX0\"><span class=\"NormalTextRun SCXW6348696 BCX0\">tarjeta gr\u00e1fica <\/span><\/span><span data-contrast=\"auto\" class=\"TextRun SCXW6348696 BCX0\"><span class=\"NormalTextRun SCXW6348696 BCX0\">basado en Vulkan, VkCore SC, es la base de todas nuestras soluciones gr\u00e1ficas modernas.<\/span><\/span><span class=\"EOP SCXW6348696 BCX0\" data-ccp-props=\"{}\">\u00a0<\/span><\/p>\n<p>[\/et_pb_text][\/et_pb_column][\/et_pb_row][et_pb_row column_structure=\u00bb1_2,1_2&#8243; module_id=\u00bbfila-flex\u00bb _builder_version=\u00bb4.22.0&#8243; _module_preset=\u00bbdefault\u00bb max_width=\u00bb1350px\u00bb global_colors_info=\u00bb{}\u00bb][et_pb_column type=\u00bb1_2&#8243; _builder_version=\u00bb4.22.0&#8243; _module_preset=\u00bbdefault\u00bb global_colors_info=\u00bb{}\u00bb][et_pb_text module_class=\u00bbtexto-tipo\u00bb _builder_version=\u00bb4.22.0&#8243; _module_preset=\u00bbdefault\u00bb animation_style=\u00bbslide\u00bb animation_direction=\u00bbleft\u00bb animation_duration=\u00bb1400ms\u00bb global_colors_info=\u00bb{}\u00bb]<\/p>\n<h3><strong>\u00bfPor qu\u00e9 Vulkan?\u00a0<\/strong><\/h3>\n<p><span data-contrast=\"auto\">Vulkan SC es una API de computaci\u00f3n y gr\u00e1ficos cr\u00edticos para la seguridad <\/span><span data-contrast=\"auto\">New Generation propuesta<\/span><span data-contrast=\"auto\"> por el grupo Khronos. Creada desde cero para el procesamiento paralelo, Vulkan es una API revolucionaria, de alta eficiencia y de est\u00e1ndares abiertos que proporciona un acceso de GPU amplio, flexible y de bajo nivel a las GPU modernas. Proporciona una funcionalidad mejorada con mayor rendimiento y flexibilidad. Vulkan no solo reduce la carga de trabajo de la CPU, sino que tambi\u00e9n proporciona capacidades de subprocesos m\u00faltiples y traslada la administraci\u00f3n de algunas funciones a la capa de aplicaci\u00f3n, lo que permite un mayor control con menos gastos generales para proporcionar ganancias de rendimiento. Vulkan es adecuado para una amplia variedad de aplicaciones actualmente compatibles con OpenGL y OpenCL o CUDA\u00ae .<\/span><span data-ccp-props=\"{}\">\u00a0<\/span><\/p>\n<p>[\/et_pb_text][et_pb_text module_class=\u00bbtexto-tipo\u00bb _builder_version=\u00bb4.22.0&#8243; _module_preset=\u00bbdefault\u00bb animation_style=\u00bbslide\u00bb animation_direction=\u00bbleft\u00bb animation_duration=\u00bb1400ms\u00bb global_colors_info=\u00bb{}\u00bb]<\/p>\n<h3><strong>Cabina HMI segura\u00a0<\/strong><\/h3>\n<p><span data-contrast=\"auto\">En las cabinas de los aviones comerciales y militares modernos, las pantallas t\u00e1ctiles multifunci\u00f3n han reemplazado a los medidores e indicadores utilizados en el pasado. Los SoC de alto rendimiento se est\u00e1n utilizando no solo para transmitir informaci\u00f3n b\u00e1sica cr\u00edtica para la seguridad a los pilotos, como altitud, velocidad y rumbo, sino tambi\u00e9n para lograr una visi\u00f3n aumentada y una mejor conciencia de la situaci\u00f3n en una interfaz hombre-m\u00e1quina (HMI) que permite al piloto interpretar visualmente. grandes cantidades de informaci\u00f3n dispar. Esta informaci\u00f3n se puede proporcionar a trav\u00e9s de pantallas montadas, pantallas frontales o sistemas de visualizaci\u00f3n en el casco.<\/span><span data-ccp-props=\"{}\">\u00a0<\/span><\/p>\n<p>[\/et_pb_text][et_pb_button button_url=\u00bb\/contacto\u00bb button_text=\u00bbSOLICITA INFORMACI\u00d3N\u00bb _builder_version=\u00bb4.22.0&#8243; _module_preset=\u00bbdefault\u00bb custom_button=\u00bbon\u00bb button_text_color=\u00bb#0c71c3&#8243; button_bg_color=\u00bbRGBA(255,255,255,0)\u00bb button_border_color=\u00bb#0C71C3&#8243; animation_style=\u00bbslide\u00bb global_colors_info=\u00bb{}\u00bb][\/et_pb_button][\/et_pb_column][et_pb_column type=\u00bb1_2&#8243; _builder_version=\u00bb4.22.0&#8243; _module_preset=\u00bbdefault\u00bb global_colors_info=\u00bb{}\u00bb][et_pb_image src=\u00bbhttps:\/\/www.donalba.com\/OrquestaMedia2023Donalba\/wp-content\/uploads\/2023\/08\/Automotive-Vision.jpg\u00bb title_text=\u00bbFuturistic,Car,Cockpit.,Autonomous,Car.,Driverless,Vehicle.,Hud(head,Up,Display).\u00bb module_class=\u00bbimagen-principal\u00bb _builder_version=\u00bb4.22.0&#8243; _module_preset=\u00bbdefault\u00bb custom_margin=\u00bb145px||145px||true|false\u00bb animation_style=\u00bbslide\u00bb animation_direction=\u00bbright\u00bb global_colors_info=\u00bb{}\u00bb][\/et_pb_image][\/et_pb_column][\/et_pb_row][\/et_pb_section][et_pb_section fb_built=\u00bb1&#8243; module_class=\u00bbllamada\u00bb _builder_version=\u00bb4.22.0&#8243; _module_preset=\u00bbdefault\u00bb background_color=\u00bbgcid-836011e9-5230-4bed-8a9c-e9ef39c201e9&#8243; custom_margin=\u00bb0px||0px||false|false\u00bb custom_padding=\u00bb0px||0px||false|false\u00bb global_colors_info=\u00bb{%22gcid-836011e9-5230-4bed-8a9c-e9ef39c201e9%22:%91%22background_color%22%93}\u00bb][et_pb_row module_class=\u00bbcabecera-productos\u00bb _builder_version=\u00bb4.22.0&#8243; _module_preset=\u00bbdefault\u00bb background_color=\u00bbgcid-836011e9-5230-4bed-8a9c-e9ef39c201e9&#8243; width=\u00bb100%\u00bb max_width=\u00bb1350px\u00bb global_colors_info=\u00bb{%22gcid-836011e9-5230-4bed-8a9c-e9ef39c201e9%22:%91%22background_color%22%93}\u00bb][et_pb_column type=\u00bb4_4&#8243; _builder_version=\u00bb4.22.0&#8243; _module_preset=\u00bbdefault\u00bb global_colors_info=\u00bb{}\u00bb][et_pb_text _builder_version=\u00bb4.22.0&#8243; _module_preset=\u00bbdefault\u00bb custom_margin=\u00bb||0px||false|false\u00bb custom_padding=\u00bb||0px||false|false\u00bb global_colors_info=\u00bb{}\u00bb]<\/p>\n<p style=\"text-align: center;\"><span>Nuestro saber hacer y conocimiento del mercado, nos proporciona una gran cercan\u00eda a los clientes finales, que conf\u00edan en DONALBA para la selecci\u00f3n de las propuestas m\u00e1s adecuadas a sus proyectos y programas. Contacta con n<\/span><span>osotros, te ayudaremos a elegir la mejor soluci\u00f3n para tu negocio<\/span><\/p>\n<p>[\/et_pb_text][et_pb_button button_url=\u00bb\/contacto\u00bb button_text=\u00bbCONTACTO\u00bb button_alignment=\u00bbcenter\u00bb _builder_version=\u00bb4.22.0&#8243; _module_preset=\u00bbdefault\u00bb custom_button=\u00bbon\u00bb button_bg_color=\u00bbRGBA(255,255,255,0)\u00bb background_layout=\u00bbdark\u00bb custom_margin=\u00bb25px||5px||false|false\u00bb animation_style=\u00bbslide\u00bb global_colors_info=\u00bb{}\u00bb][\/et_pb_button][\/et_pb_column][\/et_pb_row][\/et_pb_section][et_pb_section fb_built=\u00bb1&#8243; _builder_version=\u00bb4.22.0&#8243; _module_preset=\u00bbdefault\u00bb global_colors_info=\u00bb{}\u00bb][et_pb_row _builder_version=\u00bb4.22.0&#8243; _module_preset=\u00bbdefault\u00bb width=\u00bb100%\u00bb max_width=\u00bb1350px\u00bb global_colors_info=\u00bb{}\u00bb][et_pb_column type=\u00bb4_4&#8243; _builder_version=\u00bb4.22.0&#8243; _module_preset=\u00bbdefault\u00bb global_colors_info=\u00bb{}\u00bb][et_pb_text module_class=\u00bbtexto-tipo\u00bb _builder_version=\u00bb4.22.0&#8243; _module_preset=\u00bbdefault\u00bb custom_padding=\u00bb||0px|||\u00bb animation_style=\u00bbslide\u00bb animation_direction=\u00bbright\u00bb animation_duration=\u00bb1400ms\u00bb global_colors_info=\u00bb{}\u00bb]<\/p>\n<h3 style=\"text-align: center;\"><strong>Pantallas en el veh\u00edculo<\/strong><\/h3>\n<p style=\"text-align: center;\"><span data-contrast=\"auto\">Cada nuevo a\u00f1o de modelo trae veh\u00edculos con un n\u00famero cada vez mayor de pantallas, a menudo con un requisito de seguridad cr\u00edtico. Estos incluyen el grupo de instrumentos, pantallas frontales, pantallas de reemplazo de espejos e incluso pantallas para reducir los puntos ciegos. A medida que el conductor del veh\u00edculo depende cada vez m\u00e1s de esta informaci\u00f3n gr\u00e1fica para tomar decisiones fundamentales, estos casos de uso presentan contenido de seguridad junto con mecanismos para garantizar que los componentes electr\u00f3nicos que controlan la pantalla cumplan con los est\u00e1ndares de seguridad ISO 26262. En algunos casos, se requiere que dichos sistemas muestren informaci\u00f3n que es tanto segura como no segura, lo que agrega restricciones y complejidad adicionales al dise\u00f1o. Estos sistemas seguir\u00e1n ampliando los l\u00edmites de la complejidad mediante mayores requisitos de rendimiento y seguridad para satisfacer las expectativas del mercado.<\/span><span data-ccp-props=\"{}\">\u00a0<\/span><\/p>\n<p>[\/et_pb_text][\/et_pb_column][\/et_pb_row][et_pb_row column_structure=\u00bb1_2,1_2&#8243; _builder_version=\u00bb4.22.0&#8243; _module_preset=\u00bbdefault\u00bb width=\u00bb100%\u00bb max_width=\u00bb1350px\u00bb custom_margin=\u00bb15px||||false|false\u00bb global_colors_info=\u00bb{}\u00bb][et_pb_column type=\u00bb1_2&#8243; _builder_version=\u00bb4.22.0&#8243; _module_preset=\u00bbdefault\u00bb global_colors_info=\u00bb{}\u00bb][et_pb_image src=\u00bbhttps:\/\/www.donalba.com\/OrquestaMedia2023Donalba\/wp-content\/uploads\/2023\/08\/Cockpit-Sunset-1.jpg\u00bb title_text=\u00bbCockpit-Sunset\u00bb module_class=\u00bbimagen-principal\u00bb _builder_version=\u00bb4.22.0&#8243; _module_preset=\u00bbdefault\u00bb custom_margin=\u00bb25px||25px||true|false\u00bb animation_style=\u00bbslide\u00bb animation_direction=\u00bbleft\u00bb global_colors_info=\u00bb{}\u00bb][\/et_pb_image][\/et_pb_column][et_pb_column type=\u00bb1_2&#8243; _builder_version=\u00bb4.22.0&#8243; _module_preset=\u00bbdefault\u00bb global_colors_info=\u00bb{}\u00bb][et_pb_text module_class=\u00bbtexto-tipo\u00bb _builder_version=\u00bb4.22.0&#8243; _module_preset=\u00bbdefault\u00bb animation_style=\u00bbslide\u00bb animation_direction=\u00bbright\u00bb animation_duration=\u00bb1400ms\u00bb global_colors_info=\u00bb{}\u00bb]<\/p>\n<h3><strong>Soluci\u00f3n\u00a0<\/strong><\/h3>\n<p><span data-contrast=\"auto\">La plataforma CoreAVI para aplicaciones cr\u00edticas para la seguridad se basa en VkCore SC, nuestro controlador de<\/span><span data-contrast=\"auto\"> dispositivo de<\/span><span data-contrast=\"auto\"> computaci\u00f3n y gr\u00e1ficos Vulkan, e incluye todos los componentes b\u00e1sicos necesarios para crear aplicaciones de visualizaci\u00f3n cr\u00edticas para la seguridad, como cabinas HMI seguras y grupos de instrumentos en el veh\u00edculo, lo que permite una experiencia rica y Experiencia de usuario inmersiva con capacidades seguras de v\u00eddeo 2D, 3D. Con PSCA, los clientes pueden obtener todos los componentes b\u00e1sicos, incluidos hardware IP, semiconductores, controladores de gr\u00e1ficos y computaci\u00f3n, firmware e incluso hardware de desarrollo. Tener una \u00fanica fuente para todos estos componentes preintegrados reduce el riesgo, acelera el tiempo de certificaci\u00f3n y lanzamiento de productos, y evita desaf\u00edos de integraci\u00f3n.<\/span><span data-ccp-props=\"{}\">\u00a0<\/span><\/p>\n<p>[\/et_pb_text][et_pb_button button_url=\u00bb\/contacto\u00bb button_text=\u00bbSOLICITA INFORMACI\u00d3N\u00bb _builder_version=\u00bb4.22.0&#8243; _module_preset=\u00bbdefault\u00bb custom_button=\u00bbon\u00bb button_text_color=\u00bb#0c71c3&#8243; button_bg_color=\u00bbRGBA(255,255,255,0)\u00bb button_border_color=\u00bb#0C71C3&#8243; animation_style=\u00bbslide\u00bb global_colors_info=\u00bb{}\u00bb][\/et_pb_button][\/et_pb_column][\/et_pb_row][\/et_pb_section]<\/p>\n","protected":false},"excerpt":{"rendered":"<p>SOLUCIONES GR\u00c1FICAS CERTIFICABLESCoreAVI y la base de todas nuestras soluciones gr\u00e1ficas modernas CoreAVI tiene una s\u00f3lida trayectoria en el suministro de soluciones gr\u00e1ficas integradas cr\u00edticas para la seguridad de \u00faltima generaci\u00f3n. Nuestro controlador de tarjeta gr\u00e1fica basado en Vulkan, VkCore SC, es la base de todas nuestras soluciones gr\u00e1ficas modernas.\u00a0\u00bfPor qu\u00e9 Vulkan?\u00a0 Vulkan SC es [&hellip;]<\/p>\n","protected":false},"author":1,"featured_media":0,"parent":0,"menu_order":0,"comment_status":"closed","ping_status":"closed","template":"","meta":{"_et_pb_use_builder":"on","_et_pb_old_content":"<!-- wp:divi\/placeholder \/-->","_et_gb_content_width":"","footnotes":""},"class_list":["post-331","page","type-page","status-publish","hentry"],"_links":{"self":[{"href":"https:\/\/www.donalba.com\/OrquestaMedia2023Donalba\/wp-json\/wp\/v2\/pages\/331","targetHints":{"allow":["GET"]}}],"collection":[{"href":"https:\/\/www.donalba.com\/OrquestaMedia2023Donalba\/wp-json\/wp\/v2\/pages"}],"about":[{"href":"https:\/\/www.donalba.com\/OrquestaMedia2023Donalba\/wp-json\/wp\/v2\/types\/page"}],"author":[{"embeddable":true,"href":"https:\/\/www.donalba.com\/OrquestaMedia2023Donalba\/wp-json\/wp\/v2\/users\/1"}],"replies":[{"embeddable":true,"href":"https:\/\/www.donalba.com\/OrquestaMedia2023Donalba\/wp-json\/wp\/v2\/comments?post=331"}],"version-history":[{"count":10,"href":"https:\/\/www.donalba.com\/OrquestaMedia2023Donalba\/wp-json\/wp\/v2\/pages\/331\/revisions"}],"predecessor-version":[{"id":876,"href":"https:\/\/www.donalba.com\/OrquestaMedia2023Donalba\/wp-json\/wp\/v2\/pages\/331\/revisions\/876"}],"wp:attachment":[{"href":"https:\/\/www.donalba.com\/OrquestaMedia2023Donalba\/wp-json\/wp\/v2\/media?parent=331"}],"curies":[{"name":"wp","href":"https:\/\/api.w.org\/{rel}","templated":true}]}}